 b(s) = s**3 - 4*s - 12. Let i be b(-5). Let g be (-32 + 2)/(18/i). Suppose -3*v = -228 - g. What are the prime factors of v?
3, 47
Let w = 3289 + -3143. What are the prime factors of w?
2, 73
Suppose 0 = n + n + 8. Suppose -2926 = -8*d - 3*d. What are the prime factors of n*4/(-32)*d?
7, 19
Let u be 2/6*(-684)/(-6). Let v = -32 + u. Let s(o) = 21*o - 11. List the prime factors of s(v).
5, 23
Let d = 1167 - 751. Suppose -d = k - 3*k. Suppose -10*z - k = -4*w - 6*z, 5*z - 58 = -w. List the prime factors of w.
53
Let q be 6/9 + (-276)/(-18) + 3. Suppose 165 = -4*n + q*n. What are the prime factors of n?
11
Let b be 57/(-11) - (-114)/627. Let g(t) = -55*t + 112. List the prime factors of g(b).
3, 43
Let m be 3*(-6138)/(-27) + (-2)/(-1). Suppose -116*c + m = -114*c. List the prime factors of c.
2, 3, 19
Let y(x) = x**3 + 3*x**2 + 4*x + 2. Let g be y(-4). Suppose 12 = -15*q + 13*q. What are the prime factors of q/g + 248/10?
5
Suppose -33*h + 66*h + 5384 = 35*h. What are the prime factors of h?
2, 673
What are the prime factors of ((-6685)/15)/((-1)/5*275/2970)?
2, 3, 7, 191
Suppose 396 = -10*q - 54. What are the prime factors of 10230/(-45)*(q/6)/5?
11, 31
Suppose -212*c + 28 = -219*c. List the prime factors of c/(-233*(-4)/940 + -1).
2, 5, 47
Suppose -43*w = -176*w + 957733. What are the prime factors of w?
19, 379
Let v be 2/((-28)/(-926)) - (-67)/(-469). Suppose -67*f = -v*f - 180. List the prime factors of f.
2, 3, 5
Suppose 43*r - 5*b + 52513 = 46*r, 0 = 2*r - 2*b - 35046. What are the prime factors of r?
2, 29, 151
Let a(k) = 19*k**2 - 135*k - 2179. List the prime factors of a(-41).
3, 5, 13, 181
Let r(o) = 7*o**3 + 4*o**2 - 5*o - 17. Let y = -292 + 296. What are the prime factors of r(y)?
5, 19
Let w be 1 + 1*49/7. What are the prime factors of 5 - w - 3 - -538?
2, 7, 19
Let k(f) = -f**3 - 5*f + 73. Let g be k(0). Let m = g - -497. What are the prime factors of m?
2, 3, 5, 19
Suppose -1 = -a + 1. Let d(h) = 1 + 2 - h**a + 2 - 8*h - 9. What are the prime factors of d(-7)?
3
Suppose 4*o = -4*r + 9*o + 136591, -5*r - 2*o + 170813 = 0. List the prime factors of r.
34159
Let b be ((-2)/2)/(3/(-15)). Suppose b*o - 126 = 4*q + 630, -2*q - 454 = -3*o. List the prime factors of o + 0 - (-1)/(0 - 1).
151
Suppose -373*j + 1318444 + 5737437 = -2292245. What are the prime factors of j?
2, 3, 4177
Suppose -30*s + 21*s + 2169 = 0. Suppose -s = -4*w + 151. What are the prime factors of w?
2, 7
Let w(j) = j**3 - 40*j**2 + 25*j + 87. Let g be w(40). Suppose 7*a - 9739 = -g. What are the prime factors of a?
2, 3, 103
Let x = 185 + -276. Let r be 111/39 - 14/x. List the prime factors of (-13)/((-1)/r - (-12 - -12)).
3, 13
Let c be ((-18)/4)/(10/(-2860)) - 5. Let i = 1808 - c. List the prime factors of i.
2, 263
Let n = 80417 - 44419. List the prime factors of n.
2, 41, 439
Suppose 2*f + 8 = 38. Let i(q) be the third derivative of q**5/60 - q**4/3 - 8*q**3/3 + q**2. What are the prime factors of i(f)?
89
Suppose 2*l - 27781 - 18155 = -8648. What are the prime factors of l?
2, 59, 79
Let o(y) = y**3 - 17*y**2 - 18*y + 5. Let g be o(18). Suppose g*n - 2*r = 973, n + 3*r = 7*r + 191. Let j = n + -138. List the prime factors of j.
3, 19
Suppose -275*y - 1196046 = -356*y. What are the prime factors of y?
2, 3, 23, 107
Suppose -32*k - 18*k + 374350 = 0. What are the prime factors of k?
7487
Let c(s) = 77*s - 10. Let w(t) = t + 1. Let l(h) = -c(h) + 4*w(h). Let u be l(-5). Suppose -83 = -2*k + u. List the prime factors of k.
3, 7, 11
Let p(v) be the third derivative of 25*v**4/24 + 37*v**3/6 + 17*v**2 - 1. What are the prime factors of p(8)?
3, 79
Suppose -v + i = -0 - 2, i = 2*v - 7. Suppose -4 = f - v*f, 2*f = -2*k + 1612. What are the prime factors of k?
5, 7, 23
Suppose 0 = 511*p - 510*p + 3*f - 11366, -3*f = -p + 11360. List the prime factors of p.
11, 1033
Let n(z) = -8*z - 19. Let c be n(-3). Suppose c*r - 24 = r. Suppose -80 + 242 = r*i. List the prime factors of i.
3
Let n(u) = u**2 - 15*u - 4. Let c = -82 - -72. List the prime factors of n(c).
2, 3, 41
Suppose 15 = -c + 23. Suppose -c*b + 1510 = 22. Suppose -b = -5*a + 369. List the prime factors of a.
3, 37
Suppose 8812 - 25232 = -10*a. Let b = 2466 - a. What are the prime factors of b?
2, 103
Let c(z) = z - 14. Let h be c(7). Let g be 12/h - -2 - 23/7. List the prime factors of (g/(-2))/((-1355)/(-1340) - 1).
2, 67
Let d(i) = 1755*i - 2558. What are the prime factors of d(14)?
2, 5503
Suppose -4*a + 8 = -8. Suppose -r - 50 = -k + a*r, 0 = -3*k - 4*r + 207. What are the prime factors of k?
5, 13
Let g be (998 - -9) + -4 - -4. Suppose -j + 2*l = -0*j - g, j + 4*l - 1037 = 0. What are the prime factors of j?
3, 113
Let c(w) = 96*w**2 + 122*w - 2340. What are the prime factors of c(17)?
2, 11, 1249
List the prime factors of (-5324892)/(-603) - 2/3.
2, 5, 883
Suppose 16 = 4*o - 3*m, 4*o - 3*m - 12 = o. Suppose 1798 = 5*y - 2*u, 0 = -3*u + 4*u + o. What are the prime factors of y?
2, 179
Let z = -27 - -83. List the prime factors of 2/(-7) - (-15640)/z.
3, 31
Let u be -1 - 283 - (-10)/(-2). Let c = u - -489. List the prime factors of c.
2, 5
Let m = 19 - 19. Suppose m = 3*t + 5 - 14. Suppose -2*i = -t*i + 3*o + 1, 43 = 3*i - o. List the prime factors of i.
2
Suppose 0 = 164*v + 1382180 - 1099804 - 10769520. List the prime factors of v.
2, 31973
Let t(h) = -8*h - 72. Let f be t(-9). Suppose 4*n - 2*m - 92 = f, -n - 4*m = 2*n - 80. List the prime factors of n.
2, 3
Suppose 104*t - 51*t - 86310 = 48*t. List the prime factors of t.
2, 3, 7, 137
Let g be 1 + (7 - 7 - 5). Let d(v) = 14*v**2 + 3*v - 5. List the prime factors of d(g).
3, 23
Let p = 20113 + -4285. What are the prime factors of p?
2, 3, 1319
Let z(y) = -5*y**2 - 6*y - 17. Let g be z(-4). Let v = g + 80. Suppose 3*j - 5*c = -19, -2*c = j - c - v. What are the prime factors of j?
2
Let f(j) = 5*j**2 + 40*j + 2. Let o be f(-8). Suppose 2*s - 1332 = -o*n, -3*s + 10*n = 12*n - 1993. What are the prime factors of s?
661
List the prime factors of (-398052)/27*((-297)/(-18))/(-11).
2, 11057
Let g(i) = 305*i - 1227. List the prime factors of g(17).
2, 1979
Suppose 207 = -516*o + 525*o. Suppose -o*r + 918 = -1819. What are the prime factors of r?
7, 17
Let p(h) = h**3 + 9*h**2 + 4*h - 2. Let l be p(-3). Suppose 35*v + 3580 = l*v. What are the prime factors of v?
2, 179
Suppose -5*v + 87916 = 2*j + 34710, -2*j + v = -53206. What are the prime factors of j?
37, 719
Suppose 59 = -10*r + 11*r. Suppose 4*i - 45 = r. List the prime factors of i.
2, 13
Suppose -80666 - 281434 = -20*j - 0*j. What are the prime factors of j?
3, 5, 17, 71
Let y(b) be the second derivative of b**3/3 + 74*b**2 - 66*b. List the prime factors of y(-27).
2, 47
Suppose k + 7 = 0, -46*g - 5*k = -45*g - 32515. What are the prime factors of g?
2, 3, 5, 7, 31
Suppose -538*c - 67639 = -527*c - 387959. List the prime factors of c.
2, 5, 7, 13
Let w be 1*4*(1 - 2). Let q be (-2 + -1 + (-3 - w))*7. List the prime factors of (-2990)/39*(q/4 - -2).
5, 23
Let m(z) = 3*z**2 - 2*z + 3. Suppose 2*j + 5*d = -15, -5*d = -d + 20. Suppose -5*u - 4*o = -22, -6*o + 24 = j*u - 3*o. List the prime factors of m(u).
3, 11
Suppose l = 5*o + 9618, 52*o + 28836 = 3*l + 55*o. List the prime factors of l.
9613
Suppose -288377 = -88*o + 3*o + 171898. What are the prime factors of o?
3, 5, 19
Suppose -2*b - 12 = -3*y - 2, -2*y - 4*b + 28 = 0. Suppose 501 + 207 = y*f. What are the prime factors of f?
2, 59
Let a(n) = -1129 + 1110 + 0*n**2 + 0*n**2 + 40*n - 2*n**2. List the prime factors of a(10).
181
Let p = 96168 - 63902. Suppose 4*n - p = -30*n. What are the prime factors of n?
13, 73
Let p be (5 + -2)/((-36)/(-3864)). Let a = p + -45. What are the prime factors of a?
277
Let j = 53 + -49. Suppose 2*b - 6*s = -s + 24, -4*s - 24 = -j*b. What are the prime factors of (35/(-10) + 0)*b*-37?
7, 37
Let h = -54613 + 99686. List the prime factors of h.
7, 47, 137
Suppose -166*b = 15737 - 210289. List the prime factors of b.
2, 293
Let p(u) = 16 - 5*u**2 - 8*u**2 - u + 8*u**3 + 11*u**2. What are the prime factors of p(4)?
2, 3, 41
Let b(w) = w**2 + 4*w - 18. Let u be b(3). Suppose -8*s = -u*s + 2*m - 1568, m = 4*s - 1257. What are the prime factors of s?
2, 157
Suppose 27*k - 10*k + 2131672 = 151*k. What are the prime factors of k?